{"id":56,"date":"2023-04-27T14:54:31","date_gmt":"2023-04-27T14:54:31","guid":{"rendered":"https:\/\/adapri.com\/?page_id=56"},"modified":"2023-06-18T19:57:51","modified_gmt":"2023-06-18T19:57:51","slug":"quienes-somos","status":"publish","type":"page","link":"https:\/\/adapri.com\/index.php\/quienes-somos\/","title":{"rendered":"\u00bfQui\u00e9nes somos?"},"content":{"rendered":"\t\t<div data-elementor-type=\"wp-page\" data-elementor-id=\"56\" class=\"elementor elementor-56\">\n\t\t\t\t\t\t\t\t\t<section class=\"elementor-section elementor-top-section elementor-element elementor-element-6d70bd7 elementor-section-boxed elementor-section-height-default elementor-section-height-default\" data-id=\"6d70bd7\" data-element_type=\"section\" data-settings=\"{&quot;background_background&quot;:&quot;classic&quot;}\">\n\t\t\t\t\t\t<div class=\"elementor-container elementor-column-gap-default\">\n\t\t\t\t\t<div class=\"elementor-column elementor-col-50 elementor-top-column elementor-element elementor-element-3067ef5\" data-id=\"3067ef5\" data-element_type=\"column\">\n\t\t\t<div class=\"elementor-widget-wrap\">\n\t\t\t\t\t\t\t\t\t<\/div>\n\t\t<\/div>\n\t\t\t\t<div class=\"elementor-column elementor-col-50 elementor-top-column elementor-element elementor-element-f817858\" data-id=\"f817858\" data-element_type=\"column\">\n\t\t\t<div class=\"elementor-widget-wrap elementor-element-populated\">\n\t\t\t\t\t\t\t\t<div class=\"elementor-element elementor-element-59b03cb elementor-widget elementor-widget-heading\" data-id=\"59b03cb\" data-element_type=\"widget\" data-widget_type=\"heading.default\">\n\t\t\t\t<div class=\"elementor-widget-container\">\n\t\t\t<style>\/*! elementor - v3.12.2 - 23-04-2023 *\/\n.elementor-heading-title{padding:0;margin:0;line-height:1}.elementor-widget-heading .elementor-heading-title[class*=elementor-size-]>a{color:inherit;font-size:inherit;line-height:inherit}.elementor-widget-heading .elementor-heading-title.elementor-size-small{font-size:15px}.elementor-widget-heading .elementor-heading-title.elementor-size-medium{font-size:19px}.elementor-widget-heading .elementor-heading-title.elementor-size-large{font-size:29px}.elementor-widget-heading .elementor-heading-title.elementor-size-xl{font-size:39px}.elementor-widget-heading .elementor-heading-title.elementor-size-xxl{font-size:59px}<\/style><h1 class=\"elementor-heading-title elementor-size-default\">\u00bfQu\u00edenes Somos?<\/h1>\t\t<\/div>\n\t\t\t\t<\/div>\n\t\t\t\t\t<\/div>\n\t\t<\/div>\n\t\t\t\t\t\t\t<\/div>\n\t\t<\/section>\n\t\t\t\t<section class=\"elementor-section elementor-top-section elementor-element elementor-element-75137e5 elementor-section-boxed elementor-section-height-default elementor-section-height-default\" data-id=\"75137e5\" data-element_type=\"section\">\n\t\t\t\t\t\t<div class=\"elementor-container elementor-column-gap-default\">\n\t\t\t\t\t<div class=\"elementor-column elementor-col-100 elementor-top-column elementor-element elementor-element-09b6a2c\" data-id=\"09b6a2c\" data-element_type=\"column\">\n\t\t\t<div class=\"elementor-widget-wrap elementor-element-populated\">\n\t\t\t\t\t\t\t\t<div class=\"elementor-element elementor-element-ef4e20f elementor-widget elementor-widget-text-editor\" data-id=\"ef4e20f\" data-element_type=\"widget\" data-widget_type=\"text-editor.default\">\n\t\t\t\t<div class=\"elementor-widget-container\">\n\t\t\t<style>\/*! elementor - v3.12.2 - 23-04-2023 *\/\n.elementor-widget-text-editor.elementor-drop-cap-view-stacked .elementor-drop-cap{background-color:#69727d;color:#fff}.elementor-widget-text-editor.elementor-drop-cap-view-framed .elementor-drop-cap{color:#69727d;border:3px solid;background-color:transparent}.elementor-widget-text-editor:not(.elementor-drop-cap-view-default) .elementor-drop-cap{margin-top:8px}.elementor-widget-text-editor:not(.elementor-drop-cap-view-default) .elementor-drop-cap-letter{width:1em;height:1em}.elementor-widget-text-editor .elementor-drop-cap{float:left;text-align:center;line-height:1;font-size:50px}.elementor-widget-text-editor .elementor-drop-cap-letter{display:inline-block}<\/style>\t\t\t\t<p style=\"text-align: center;\">La Asociaci\u00f3n Colombiana de Datos y Privacidad <strong>(ADAPRI)<\/strong> es una organizaci\u00f3n conformada por un grupo de expertos y entusiastas comprometidos con la protecci\u00f3n de datos y la privacidad. Nuestro principal objetivo es fomentar y promover la discusi\u00f3n en torno a temas relacionados con la privacidad y la protecci\u00f3n de datos, as\u00ed como analizar los cambios regulatorios y anticipar las posibilidades que surgen con el uso de tecnolog\u00edas emergentes.<\/p><p style=\"text-align: center;\">En <strong>ADAPRI<\/strong>, nos esforzamos por ofrecer un espacio integral que brinde apoyo y capacitaci\u00f3n a nuestros afiliados, en el desarrollo de habilidades y conocimientos relacionados con la protecci\u00f3n de datos. Reconocemos la importancia de mantenerse actualizado en este campo en constante evoluci\u00f3n y, por lo tanto, proporcionamos oportunidades de aprendizaje continuo a trav\u00e9s de programas de capacitaci\u00f3n y eventos especializados.<\/p><p style=\"text-align: center;\">Uno de los pilares de nuestra asociaci\u00f3n es la creaci\u00f3n de espacios interdisciplinarios donde los profesionales y entusiastas de la privacidad y la protecci\u00f3n de datos puedan reunirse, intercambiar ideas y colaborar en proyectos conjuntos. Valoramos el poder del trabajo en equipo y creemos en la importancia de un enfoque integral para abordar los desaf\u00edos relacionados con la privacidad y la protecci\u00f3n de datos.<\/p>\t\t\t\t\t\t<\/div>\n\t\t\t\t<\/div>\n\t\t\t\t\t<\/div>\n\t\t<\/div>\n\t\t\t\t\t\t\t<\/div>\n\t\t<\/section>\n\t\t\t\t<section class=\"elementor-section elementor-top-section elementor-element elementor-element-9817b11 elementor-section-boxed elementor-section-height-default elementor-section-height-default\" data-id=\"9817b11\" data-element_type=\"section\" data-settings=\"{&quot;background_background&quot;:&quot;classic&quot;}\">\n\t\t\t\t\t\t<div class=\"elementor-container elementor-column-gap-default\">\n\t\t\t\t\t<div class=\"elementor-column elementor-col-50 elementor-top-column elementor-element elementor-element-338e0f3\" data-id=\"338e0f3\" data-element_type=\"column\">\n\t\t\t<div class=\"elementor-widget-wrap elementor-element-populated\">\n\t\t\t\t\t\t\t\t<div class=\"elementor-element elementor-element-412eb04 elementor-widget elementor-widget-text-editor\" data-id=\"412eb04\" data-element_type=\"widget\" data-widget_type=\"text-editor.default\">\n\t\t\t\t<div class=\"elementor-widget-container\">\n\t\t\t\t\t\t\t<p>A lo largo de los a\u00f1os, hemos organizado diversas conferencias y webinars especializados en temas relevantes. Estas iniciativas tienen como objetivo proporcionar a nuestros afiliados y al p\u00fablico en general un espacio para comprender y aplicar de manera efectiva las disposiciones de esta ley en particular, que es crucial en el \u00e1mbito de la protecci\u00f3n de datos en Colombia.<\/p><p>En <strong>ADAPRI<\/strong>, invitamos a todos los interesados a unirse a nuestra asociaci\u00f3n y formar parte de la vanguardia en la protecci\u00f3n de datos personales en Colombia. Nuestro compromiso es proporcionar un espacio de apoyo, aprendizaje y colaboraci\u00f3n que impulse el desarrollo y la implementaci\u00f3n de mejores pr\u00e1cticas en el manejo de datos y la promoci\u00f3n de la privacidad en Colombia.<\/p>\t\t\t\t\t\t<\/div>\n\t\t\t\t<\/div>\n\t\t\t\t\t<\/div>\n\t\t<\/div>\n\t\t\t\t<div class=\"elementor-column elementor-col-50 elementor-top-column elementor-element elementor-element-2946492\" data-id=\"2946492\" data-element_type=\"column\">\n\t\t\t<div class=\"elementor-widget-wrap elementor-element-populated\">\n\t\t\t\t\t\t\t\t<div class=\"elementor-element elementor-element-a8f2157 elementor-widget elementor-widget-image\" data-id=\"a8f2157\" data-element_type=\"widget\" data-widget_type=\"image.default\">\n\t\t\t\t<div class=\"elementor-widget-container\">\n\t\t\t<style>\/*! elementor - v3.12.2 - 23-04-2023 *\/\n.elementor-widget-image{text-align:center}.elementor-widget-image a{display:inline-block}.elementor-widget-image a img[src$=\".svg\"]{width:48px}.elementor-widget-image img{vertical-align:middle;display:inline-block}<\/style>\t\t\t\t\t\t\t\t\t\t\t\t<img decoding=\"async\" width=\"1000\" height=\"707\" src=\"https:\/\/adapri.com\/wp-content\/uploads\/2023\/06\/quienes.jpg\" class=\"attachment-large size-large wp-image-545\" alt=\"\" loading=\"lazy\" srcset=\"https:\/\/adapri.com\/wp-content\/uploads\/2023\/06\/quienes.jpg 1000w, https:\/\/adapri.com\/wp-content\/uploads\/2023\/06\/quienes-300x212.jpg 300w, https:\/\/adapri.com\/wp-content\/uploads\/2023\/06\/quienes-768x543.jpg 768w\" sizes=\"(max-width: 1000px) 100vw, 1000px\" \/>\t\t\t\t\t\t\t\t\t\t\t\t\t\t\t<\/div>\n\t\t\t\t<\/div>\n\t\t\t\t\t<\/div>\n\t\t<\/div>\n\t\t\t\t\t\t\t<\/div>\n\t\t<\/section>\n\t\t\t\t<section class=\"elementor-section elementor-top-section elementor-element elementor-element-c2defb5 elementor-section-boxed elementor-section-height-default elementor-section-height-default\" data-id=\"c2defb5\" data-element_type=\"section\">\n\t\t\t\t\t\t<div class=\"elementor-container elementor-column-gap-default\">\n\t\t\t\t\t<div class=\"elementor-column elementor-col-100 elementor-top-column elementor-element elementor-element-1b28d51\" data-id=\"1b28d51\" data-element_type=\"column\">\n\t\t\t<div class=\"elementor-widget-wrap elementor-element-populated\">\n\t\t\t\t\t\t\t\t<section class=\"elementor-section elementor-inner-section elementor-element elementor-element-6aff08d elementor-section-boxed elementor-section-height-default elementor-section-height-default\" data-id=\"6aff08d\" data-element_type=\"section\">\n\t\t\t\t\t\t<div class=\"elementor-container elementor-column-gap-default\">\n\t\t\t\t\t<div class=\"elementor-column elementor-col-50 elementor-inner-column elementor-element elementor-element-96fee85\" data-id=\"96fee85\" data-element_type=\"column\">\n\t\t\t<div class=\"elementor-widget-wrap elementor-element-populated\">\n\t\t\t\t\t\t\t\t<div class=\"elementor-element elementor-element-a9d4542 elementor-widget elementor-widget-image\" data-id=\"a9d4542\" data-element_type=\"widget\" data-widget_type=\"image.default\">\n\t\t\t\t<div class=\"elementor-widget-container\">\n\t\t\t\t\t\t\t\t\t\t\t\t\t\t\t<img decoding=\"async\" width=\"1024\" height=\"960\" src=\"https:\/\/adapri.com\/wp-content\/uploads\/2023\/06\/2-1024x960.png\" class=\"attachment-large size-large wp-image-547\" alt=\"\" loading=\"lazy\" srcset=\"https:\/\/adapri.com\/wp-content\/uploads\/2023\/06\/2-1024x960.png 1024w, https:\/\/adapri.com\/wp-content\/uploads\/2023\/06\/2-300x281.png 300w, https:\/\/adapri.com\/wp-content\/uploads\/2023\/06\/2-768x720.png 768w, https:\/\/adapri.com\/wp-content\/uploads\/2023\/06\/2-1536x1440.png 1536w, https:\/\/adapri.com\/wp-content\/uploads\/2023\/06\/2.png 1909w\" sizes=\"(max-width: 1024px) 100vw, 1024px\" \/>\t\t\t\t\t\t\t\t\t\t\t\t\t\t\t<\/div>\n\t\t\t\t<\/div>\n\t\t\t\t\t<\/div>\n\t\t<\/div>\n\t\t\t\t<div class=\"elementor-column elementor-col-50 elementor-inner-column elementor-element elementor-element-1a27277\" data-id=\"1a27277\" data-element_type=\"column\">\n\t\t\t<div class=\"elementor-widget-wrap elementor-element-populated\">\n\t\t\t\t\t\t\t\t<div class=\"elementor-element elementor-element-2a3963b elementor-widget elementor-widget-heading\" data-id=\"2a3963b\" data-element_type=\"widget\" data-widget_type=\"heading.default\">\n\t\t\t\t<div class=\"elementor-widget-container\">\n\t\t\t<h1 class=\"elementor-heading-title elementor-size-default\">Afiliate ahora<\/h1>\t\t<\/div>\n\t\t\t\t<\/div>\n\t\t\t\t<div class=\"elementor-element elementor-element-11251de elementor-widget elementor-widget-text-editor\" data-id=\"11251de\" data-element_type=\"widget\" data-widget_type=\"text-editor.default\">\n\t\t\t\t<div class=\"elementor-widget-container\">\n\t\t\t\t\t\t\t<h5>Profesionales, organizaciones de la sociedad civil, acad\u00e9micos y estudiantes.<\/h5>\t\t\t\t\t\t<\/div>\n\t\t\t\t<\/div>\n\t\t\t\t<div class=\"elementor-element elementor-element-1eaf819 elementor-widget elementor-widget-text-editor\" data-id=\"1eaf819\" data-element_type=\"widget\" data-widget_type=\"text-editor.default\">\n\t\t\t\t<div class=\"elementor-widget-container\">\n\t\t\t\t\t\t\t<p>Nos complace ofrecerte diferentes opciones de afiliaci\u00f3n que se ajustan a tus necesidades y a las de tu empresa.<\/p>\t\t\t\t\t\t<\/div>\n\t\t\t\t<\/div>\n\t\t\t\t<div class=\"elementor-element elementor-element-7a183ce elementor-align-left elementor-widget elementor-widget-button\" data-id=\"7a183ce\" data-element_type=\"widget\" data-widget_type=\"button.default\">\n\t\t\t\t<div class=\"elementor-widget-container\">\n\t\t\t\t\t<div class=\"elementor-button-wrapper\">\n\t\t\t<a href=\"https:\/\/docs.google.com\/forms\/d\/e\/1FAIpQLSchxAHelHDSZeHWnIcwbClh6y8_1MSmu2UenJLk3vC3138Gfw\/viewform?usp=sf_link\" target=\"_blank\" class=\"elementor-button-link elementor-button elementor-size-md\" role=\"button\">\n\t\t\t\t\t\t<span class=\"elementor-button-content-wrapper\">\n\t\t\t\t\t\t<span class=\"elementor-button-text\">Ver m\u00e1s<\/span>\n\t\t<\/span>\n\t\t\t\t\t<\/a>\n\t\t<\/div>\n\t\t\t\t<\/div>\n\t\t\t\t<\/div>\n\t\t\t\t\t<\/div>\n\t\t<\/div>\n\t\t\t\t\t\t\t<\/div>\n\t\t<\/section>\n\t\t\t\t\t<\/div>\n\t\t<\/div>\n\t\t\t\t\t\t\t<\/div>\n\t\t<\/section>\n\t\t\t\t\t\t\t<\/div>\n\t\t","protected":false},"excerpt":{"rendered":"<p>\u00bfQu\u00edenes Somos? La Asociaci\u00f3n Colombiana de Datos y Privacidad (ADAPRI) es una organizaci\u00f3n conformada por un grupo de expertos y entusiastas comprometidos con la protecci\u00f3n de datos y la privacidad. Nuestro principal objetivo es fomentar y promover la discusi\u00f3n en torno a temas relacionados con la privacidad y la protecci\u00f3n de datos, as\u00ed como analizar &hellip;<\/p>\n<p class=\"read-more\"> <a class=\"\" href=\"https:\/\/adapri.com\/index.php\/quienes-somos\/\"> <span class=\"screen-reader-text\">\u00bfQui\u00e9nes somos?<\/span> Read More &raquo;<\/a><\/p>\n","protected":false},"author":1,"featured_media":0,"parent":0,"menu_order":0,"comment_status":"closed","ping_status":"closed","template":"","meta":{"site-sidebar-layout":"no-sidebar","site-content-layout":"page-builder","ast-global-header-display":"","ast-main-header-display":"","ast-hfb-above-header-display":"","ast-hfb-below-header-display":"","ast-hfb-mobile-header-display":"","site-post-title":"disabled","ast-breadcrumbs-content":"","ast-featured-img":"disabled","footer-sml-layout":"","theme-transparent-header-meta":"","adv-header-id-meta":"","stick-header-meta":"","header-above-stick-meta":"","header-main-stick-meta":"","header-below-stick-meta":""},"_links":{"self":[{"href":"https:\/\/adapri.com\/index.php\/wp-json\/wp\/v2\/pages\/56"}],"collection":[{"href":"https:\/\/adapri.com\/index.php\/wp-json\/wp\/v2\/pages"}],"about":[{"href":"https:\/\/adapri.com\/index.php\/wp-json\/wp\/v2\/types\/page"}],"author":[{"embeddable":true,"href":"https:\/\/adapri.com\/index.php\/wp-json\/wp\/v2\/users\/1"}],"replies":[{"embeddable":true,"href":"https:\/\/adapri.com\/index.php\/wp-json\/wp\/v2\/comments?post=56"}],"version-history":[{"count":55,"href":"https:\/\/adapri.com\/index.php\/wp-json\/wp\/v2\/pages\/56\/revisions"}],"predecessor-version":[{"id":622,"href":"https:\/\/adapri.com\/index.php\/wp-json\/wp\/v2\/pages\/56\/revisions\/622"}],"wp:attachment":[{"href":"https:\/\/adapri.com\/index.php\/wp-json\/wp\/v2\/media?parent=56"}],"curies":[{"name":"wp","href":"https:\/\/api.w.org\/{rel}","templated":true}]}}